{"id":4,"date":"2019-04-16T18:14:43","date_gmt":"2019-04-16T18:14:43","guid":{"rendered":"http:\/\/centraldecatering.com.ar\/notas\/?page_id=4"},"modified":"2021-03-03T03:06:27","modified_gmt":"2021-03-03T03:06:27","slug":"empresassaludables","status":"publish","type":"page","link":"http:\/\/centraldecatering.com.ar\/notas\/","title":{"rendered":"Empresa Saludable"},"content":{"rendered":"\t\t<div data-elementor-type=\"wp-post\" data-elementor-id=\"4\" class=\"elementor elementor-4\">\n\t\t\t\t\t\t<section class=\"elementor-section elementor-top-section elementor-element elementor-element-1044935 elementor-section-stretched elementor-section-full_width elementor-section-height-min-height elementor-section-content-middle elementor-hidden-tablet elementor-hidden-phone elementor-section-height-default elementor-section-items-middle\" data-id=\"1044935\" data-element_type=\"section\" data-e-type=\"section\" data-settings=\"{&quot;stretch_section&quot;:&quot;section-stretched&quot;,&quot;background_background&quot;:&quot;classic&quot;}\">\n\t\t\t\t\t\t<div class=\"elementor-container elementor-column-gap-default\">\n\t\t\t\t\t<div class=\"elementor-column elementor-col-100 elementor-top-column elementor-element elementor-element-8959e9e\" data-id=\"8959e9e\" data-element_type=\"column\" data-e-type=\"column\">\n\t\t\t<div class=\"elementor-widget-wrap elementor-element-populated\">\n\t\t\t\t\t\t<div class=\"elementor-element elementor-element-70d003d elementor-widget__width-inherit elementor-widget elementor-widget-image\" data-id=\"70d003d\" data-element_type=\"widget\" data-e-type=\"widget\" data-widget_type=\"image.default\">\n\t\t\t\t<div class=\"elementor-widget-container\">\n\t\t\t\t\t\t\t\t\t\t\t\t\t\t\t<img fetchpriority=\"high\" decoding=\"async\" width=\"4288\" height=\"2848\" src=\"http:\/\/centraldecatering.com.ar\/notas\/wp-content\/uploads\/2019\/04\/fruit-dish-meal-food-salad-produce-59971-pxhere.com_.jpg\" class=\"attachment-full size-full wp-image-27\" alt=\"\" srcset=\"http:\/\/centraldecatering.com.ar\/notas\/wp-content\/uploads\/2019\/04\/fruit-dish-meal-food-salad-produce-59971-pxhere.com_.jpg 4288w, http:\/\/centraldecatering.com.ar\/notas\/wp-content\/uploads\/2019\/04\/fruit-dish-meal-food-salad-produce-59971-pxhere.com_-300x199.jpg 300w, http:\/\/centraldecatering.com.ar\/notas\/wp-content\/uploads\/2019\/04\/fruit-dish-meal-food-salad-produce-59971-pxhere.com_-768x510.jpg 768w, http:\/\/centraldecatering.com.ar\/notas\/wp-content\/uploads\/2019\/04\/fruit-dish-meal-food-salad-produce-59971-pxhere.com_-1024x680.jpg 1024w\" sizes=\"(max-width: 4288px) 100vw, 4288px\" \/>\t\t\t\t\t\t\t\t\t\t\t\t\t\t\t<\/div>\n\t\t\t\t<\/div>\n\t\t\t\t\t<\/div>\n\t\t<\/div>\n\t\t\t\t\t<\/div>\n\t\t<\/section>\n\t\t\t\t<section class=\"elementor-section elementor-top-section elementor-element elementor-element-536659c6 elementor-section-content-middle elementor-section-stretched elementor-section-boxed elementor-section-height-default elementor-section-height-default\" data-id=\"536659c6\" data-element_type=\"section\" data-e-type=\"section\" data-settings=\"{&quot;background_background&quot;:&quot;gradient&quot;,&quot;stretch_section&quot;:&quot;section-stretched&quot;}\">\n\t\t\t\t\t\t<div class=\"elementor-container elementor-column-gap-no\">\n\t\t\t\t\t<div class=\"elementor-column elementor-col-100 elementor-top-column elementor-element elementor-element-4796037a\" data-id=\"4796037a\" data-element_type=\"column\" data-e-type=\"column\">\n\t\t\t<div class=\"elementor-widget-wrap elementor-element-populated\">\n\t\t\t\t\t\t<div class=\"elementor-element elementor-element-199feb67 elementor-widget elementor-widget-heading\" data-id=\"199feb67\" data-element_type=\"widget\" data-e-type=\"widget\" data-widget_type=\"heading.default\">\n\t\t\t\t<div class=\"elementor-widget-container\">\n\t\t\t\t\t<h4 class=\"elementor-heading-title elementor-size-default\">Siempre a la vanguardia de la gastronom\u00eda y en favor de las empresas del cord\u00f3n industrial de San Lorenzo y la regi\u00f3n, Central de Catering ofrece una nueva soluci\u00f3n a los constantes desaf\u00edos que presenta la vida laboral en la actualidad.<\/h4>\t\t\t\t<\/div>\n\t\t\t\t<\/div>\n\t\t\t\t<div class=\"elementor-element elementor-element-16b91403 elementor-widget elementor-widget-text-editor\" data-id=\"16b91403\" data-element_type=\"widget\" data-e-type=\"widget\" data-widget_type=\"text-editor.default\">\n\t\t\t\t<div class=\"elementor-widget-container\">\n\t\t\t\t\t\t\t\t\t<p><span style=\"font-weight: 400;\">Seg\u00fan los \u00faltimos informes de la Organizaci\u00f3n Internacional del Trabajo (O.I.T.) una mala alimentaci\u00f3n del personal de planta puede reducir hasta un 20% la productividad en sus tareas, afectado por enfermedades cr\u00f3nicas derivadas del sobrepeso y la hipertensi\u00f3n. Y dado que una tercera parte del d\u00eda, como m\u00ednimo, est\u00e1 dedicada a trabajar, el lugar de trabajo es, o m\u00e1s bien deber\u00eda ser, el espacio m\u00e1s propicio para llevar a buen t\u00e9rmino la teor\u00eda y pr\u00e1ctica de una alimentaci\u00f3n saludable.<\/span><\/p><p><span style=\"font-weight: 400;\">Ante esta realidad, Central de Catering desarroll\u00f3 junto a su equipo de trabajo nuevas opciones de men\u00fas saludables, estos men\u00fas son variados, equilibrados y aportan todos los nutrientes que necesita el organismo: hidratos de carbono, grasas, prote\u00ednas, vitaminas y minerales.<\/span><span style=\"font-weight: 400;\"><br \/><\/span><\/p>\t\t\t\t\t\t\t\t<\/div>\n\t\t\t\t<\/div>\n\t\t\t\t\t<\/div>\n\t\t<\/div>\n\t\t\t\t\t<\/div>\n\t\t<\/section>\n\t\t\t\t<section class=\"elementor-section elementor-top-section elementor-element elementor-element-d962182 elementor-section-content-middle elementor-section-stretched elementor-section-boxed elementor-section-height-default elementor-section-height-default\" data-id=\"d962182\" data-element_type=\"section\" data-e-type=\"section\" data-settings=\"{&quot;stretch_section&quot;:&quot;section-stretched&quot;,&quot;background_background&quot;:&quot;classic&quot;}\">\n\t\t\t\t\t\t<div class=\"elementor-container elementor-column-gap-no\">\n\t\t\t\t\t<div class=\"elementor-column elementor-col-100 elementor-top-column elementor-element elementor-element-e759c49\" data-id=\"e759c49\" data-element_type=\"column\" data-e-type=\"column\">\n\t\t\t<div class=\"elementor-widget-wrap elementor-element-populated\">\n\t\t\t\t\t\t<div class=\"elementor-element elementor-element-21085a3 elementor-widget elementor-widget-testimonial\" data-id=\"21085a3\" data-element_type=\"widget\" data-e-type=\"widget\" data-widget_type=\"testimonial.default\">\n\t\t\t\t<div class=\"elementor-widget-container\">\n\t\t\t\t\t\t\t<div class=\"elementor-testimonial-wrapper\">\n\t\t\t\t\t\t\t<div class=\"elementor-testimonial-content\">\u201cBuscamos que desde las empresas los trabajadores tenga la posibilidad de acceder f\u00e1cilmente a comidas sanas, variadas, preparadas con materia prima saludable y seleccionada por nuestro equipo de nutrici\u00f3n. Una buena comida es siempre una oportunidad para aumentar la productividad y la moral, alguien que est\u00e1 mal nutrido rinde menos, esto es una realidad, un problema, pero un problema para el cual hay una soluci\u00f3n, que son estos men\u00fas que hoy estamos acercando a toda la comunidad industrial y empresarial de San Lorenzo.<br>En un mundo laboral que est\u00e1 constantemente jaqueado por nuevos desaf\u00edos, por nuevos estudios que nos muestran como mejorar la realidad, ah\u00ed estamos nosotros buscando nuevas formas de ayudar a nuestros clientes\u201d.<\/div>\n\t\t\t\n\t\t\t\t\t\t<div class=\"elementor-testimonial-meta elementor-has-image elementor-testimonial-image-position-aside\">\n\t\t\t\t<div class=\"elementor-testimonial-meta-inner\">\n\t\t\t\t\t\t\t\t\t\t\t<div class=\"elementor-testimonial-image\">\n\t\t\t\t\t\t\t<img decoding=\"async\" width=\"500\" height=\"500\" src=\"http:\/\/centraldecatering.com.ar\/notas\/wp-content\/uploads\/2019\/04\/JUAN.png\" class=\"attachment-full size-full wp-image-23\" alt=\"\" srcset=\"http:\/\/centraldecatering.com.ar\/notas\/wp-content\/uploads\/2019\/04\/JUAN.png 500w, http:\/\/centraldecatering.com.ar\/notas\/wp-content\/uploads\/2019\/04\/JUAN-150x150.png 150w, http:\/\/centraldecatering.com.ar\/notas\/wp-content\/uploads\/2019\/04\/JUAN-300x300.png 300w\" sizes=\"(max-width: 500px) 100vw, 500px\" \/>\t\t\t\t\t\t<\/div>\n\t\t\t\t\t\n\t\t\t\t\t\t\t\t\t\t<div class=\"elementor-testimonial-details\">\n\t\t\t\t\t\t\t\t\t\t\t\t\t\t<div class=\"elementor-testimonial-name\">Juan Vaschetto<\/div>\n\t\t\t\t\t\t\t\t\t\t\t\t\t\t\t\t\t\t\t\t\t\t<div class=\"elementor-testimonial-job\">DIRECTOR DE cc &amp; vianda packs<\/div>\n\t\t\t\t\t\t\t\t\t\t\t\t\t<\/div>\n\t\t\t\t\t\t\t\t\t<\/div>\n\t\t\t<\/div>\n\t\t\t\t\t<\/div>\n\t\t\t\t\t\t<\/div>\n\t\t\t\t<\/div>\n\t\t\t\t\t<\/div>\n\t\t<\/div>\n\t\t\t\t\t<\/div>\n\t\t<\/section>\n\t\t\t\t<section class=\"elementor-section elementor-top-section elementor-element elementor-element-da84179 elementor-section-stretched elementor-section-boxed elementor-section-height-default elementor-section-height-default\" data-id=\"da84179\" data-element_type=\"section\" data-e-type=\"section\" data-settings=\"{&quot;stretch_section&quot;:&quot;section-stretched&quot;,&quot;background_background&quot;:&quot;classic&quot;}\">\n\t\t\t\t\t\t<div class=\"elementor-container elementor-column-gap-default\">\n\t\t\t\t\t<div class=\"elementor-column elementor-col-100 elementor-top-column elementor-element elementor-element-a094b1d\" data-id=\"a094b1d\" data-element_type=\"column\" data-e-type=\"column\">\n\t\t\t<div class=\"elementor-widget-wrap elementor-element-populated\">\n\t\t\t\t\t\t<section class=\"elementor-section elementor-inner-section elementor-element elementor-element-011440f elementor-section-content-middle elementor-section-boxed elementor-section-height-default elementor-section-height-default\" data-id=\"011440f\" data-element_type=\"section\" data-e-type=\"section\">\n\t\t\t\t\t\t<div class=\"elementor-container elementor-column-gap-no\">\n\t\t\t\t\t<div class=\"elementor-column elementor-col-100 elementor-inner-column elementor-element elementor-element-9c07707\" data-id=\"9c07707\" data-element_type=\"column\" data-e-type=\"column\">\n\t\t\t<div class=\"elementor-widget-wrap elementor-element-populated\">\n\t\t\t\t\t\t<div class=\"elementor-element elementor-element-f88492c elementor-align-center elementor-widget elementor-widget-button\" data-id=\"f88492c\" data-element_type=\"widget\" data-e-type=\"widget\" data-widget_type=\"button.default\">\n\t\t\t\t<div class=\"elementor-widget-container\">\n\t\t\t\t\t\t\t\t\t<div class=\"elementor-button-wrapper\">\n\t\t\t\t\t<a class=\"elementor-button elementor-button-link elementor-size-xs elementor-animation-grow\" href=\"http:\/\/www.centraldecatering.com.ar\">\n\t\t\t\t\t\t<span class=\"elementor-button-content-wrapper\">\n\t\t\t\t\t\t\t\t\t<span class=\"elementor-button-text\">Visitar nuestro sitio<\/span>\n\t\t\t\t\t<\/span>\n\t\t\t\t\t<\/a>\n\t\t\t\t<\/div>\n\t\t\t\t\t\t\t\t<\/div>\n\t\t\t\t<\/div>\n\t\t\t\t\t<\/div>\n\t\t<\/div>\n\t\t\t\t\t<\/div>\n\t\t<\/section>\n\t\t\t\t\t<\/div>\n\t\t<\/div>\n\t\t\t\t\t<\/div>\n\t\t<\/section>\n\t\t\t\t<section class=\"elementor-section elementor-top-section elementor-element elementor-element-94a94cc elementor-section-stretched elementor-section-boxed elementor-section-height-default elementor-section-height-default\" data-id=\"94a94cc\" data-element_type=\"section\" data-e-type=\"section\" data-settings=\"{&quot;stretch_section&quot;:&quot;section-stretched&quot;,&quot;background_background&quot;:&quot;classic&quot;}\">\n\t\t\t\t\t\t<div class=\"elementor-container elementor-column-gap-default\">\n\t\t\t\t\t<div class=\"elementor-column elementor-col-100 elementor-top-column elementor-element elementor-element-05e65e9\" data-id=\"05e65e9\" data-element_type=\"column\" data-e-type=\"column\">\n\t\t\t<div class=\"elementor-widget-wrap elementor-element-populated\">\n\t\t\t\t\t\t<div class=\"elementor-element elementor-element-bcf2ecc elementor-shape-circle elementor-grid-0 e-grid-align-center elementor-widget elementor-widget-social-icons\" data-id=\"bcf2ecc\" data-element_type=\"widget\" data-e-type=\"widget\" data-widget_type=\"social-icons.default\">\n\t\t\t\t<div class=\"elementor-widget-container\">\n\t\t\t\t\t\t\t<div class=\"elementor-social-icons-wrapper elementor-grid\">\n\t\t\t\t\t\t\t<span class=\"elementor-grid-item\">\n\t\t\t\t\t<a class=\"elementor-icon elementor-social-icon elementor-social-icon-whatsapp elementor-repeater-item-f393c0f\" href=\"http:\/\/www.centraldecatering.com.ar\/whatsapp_redirect.php\" target=\"_blank\">\n\t\t\t\t\t\t<span class=\"elementor-screen-only\">Whatsapp<\/span>\n\t\t\t\t\t\t\t\t\t\t\t\t\t<i class=\"fa fa-whatsapp\" aria-hidden=\"true\"><\/i>\n\t\t\t\t\t\t\t\t\t\t\t<\/a>\n\t\t\t\t<\/span>\n\t\t\t\t\t<\/div>\n\t\t\t\t\t\t<\/div>\n\t\t\t\t<\/div>\n\t\t\t\t\t<\/div>\n\t\t<\/div>\n\t\t\t\t\t<\/div>\n\t\t<\/section>\n\t\t\t\t<\/div>\n\t\t","protected":false},"excerpt":{"rendered":"<p>Siempre a la vanguardia de la gastronom\u00eda y en favor de las empresas del cord\u00f3n industrial de San Lorenzo y la regi\u00f3n, Central de Catering ofrece una nueva soluci\u00f3n a los constantes desaf\u00edos que presenta la vida laboral en la actualidad. Seg\u00fan los \u00faltimos informes de la Organizaci\u00f3n Internacional del Trabajo (O.I.T.) una mala alimentaci\u00f3n [&hellip;]<\/p>\n","protected":false},"author":2,"featured_media":0,"parent":0,"menu_order":0,"comment_status":"closed","ping_status":"closed","template":"elementor_header_footer","meta":{"footnotes":""},"class_list":["post-4","page","type-page","status-publish","hentry"],"_links":{"self":[{"href":"http:\/\/centraldecatering.com.ar\/notas\/wp-json\/wp\/v2\/pages\/4","targetHints":{"allow":["GET"]}}],"collection":[{"href":"http:\/\/centraldecatering.com.ar\/notas\/wp-json\/wp\/v2\/pages"}],"about":[{"href":"http:\/\/centraldecatering.com.ar\/notas\/wp-json\/wp\/v2\/types\/page"}],"author":[{"embeddable":true,"href":"http:\/\/centraldecatering.com.ar\/notas\/wp-json\/wp\/v2\/users\/2"}],"replies":[{"embeddable":true,"href":"http:\/\/centraldecatering.com.ar\/notas\/wp-json\/wp\/v2\/comments?post=4"}],"version-history":[{"count":15,"href":"http:\/\/centraldecatering.com.ar\/notas\/wp-json\/wp\/v2\/pages\/4\/revisions"}],"predecessor-version":[{"id":40,"href":"http:\/\/centraldecatering.com.ar\/notas\/wp-json\/wp\/v2\/pages\/4\/revisions\/40"}],"wp:attachment":[{"href":"http:\/\/centraldecatering.com.ar\/notas\/wp-json\/wp\/v2\/media?parent=4"}],"curies":[{"name":"wp","href":"https:\/\/api.w.org\/{rel}","templated":true}]}}